 t(87).
-92
Let b(t) = -3*t**2 + 3840*t + 62216. What is b(-16)?
8
Let w(l) = 8*l**3 + 332*l**2 + 155*l - 341. Determine w(-41).
28
Let k(c) = 62155*c + 870186. Determine k(-14).
16
Let p(k) = -207*k**2 - 6936*k + 3471. Give p(-34).
3
Let j(m) = -m**2 - 55*m + 518356. What is j(693)?
-8
Let z(i) = -3*i**2 - 815*i + 84431. What is z(80)?
31
Let l(g) = -g**3 - 6*g**2 - 579*g + 1826. What is l(3)?
8
Let c(p) = 2*p**3 + 54*p**2 + 95*p + 58. Calculate c(-26).
-1060
Let w(j) = 8*j**2 + 794*j + 482. Calculate w(-97).
-1264
Let o(m) = 2*m**3 - 66*m**2 + 716*m - 4458. Determine o(21).
-6
Let z(v) = 4530*v - 81573. Determine z(18).
-33
Let r(p) = 1723*p + 13868. What is r(-8)?
84
Let r(z) = -29*z**2 - 3313*z - 12791. Calculate r(-4).
-3
Let f(j) = -24580*j**2 - 1990985*j - 407. What is f(-81)?
-2
Let n(w) = -2763*w - 19629. Give n(-8).
2475
Let f(d) = -157*d - 2871. What is f(-20)?
269
Let p(y) = -46356*y**2 + 2364155*y + 49. Calculate p(51).
-2
Let g(p) = -2475*p + 44502. Calculate g(18).
-48
Let g(u) = u**3 + 796*u**2 - 3365*u - 131964. What is g(-800)?
36
Let v(q) = 3*q**3 - 41*q**2 + 502*q - 6259. What is v(13)?
-71
Let h(y) = y**2 + 254*y + 10766. Calculate h(-58).
-602
Let j(l) = -4*l**3 - 13*l**2 + 28*l - 68. Give j(4).
-420
Let r(k) = -9*k**3 + 84*k**2 - 7*k - 26. Give r(10).
-696
Let m(k) = -k**3 - 4*k**2 + 74*k + 646. Determine m(10).
-14
Let a(x) = 75*x - 7827. Calculate a(105).
48
Let i(n) = 86160*n + 3791031. Calculate i(-44).
-9
Let m(o) = 53951*o + 539472. Determine m(-10).
-38
Let l(i) = 1766*i + 10875. Determine l(-6).
279
Let g(k) = -4*k**2 + 42170*k - 210742. Determine g(5).
8
Let c(a) = -a**3 + 64*a**2 + 564*a + 776. Determine c(72).
-88
Let k(j) = 8*j**2 + 20241*j + 141297. Determine k(-7).
2
Let x(m) = 5*m**3 + 23*m**2 + 6*m + 69. What is x(-6)?
-219
Let b(p) = 45977*p - 45971. Determine b(1).
6
Let k(o) = o**3 + 19*o**2 + 43*o + 2. Give k(-7).
289
Let m(g) = -g**3 + 2125*g**2 + 27793*g - 21. Give m(-13).
-8
Let t(n) = 159801*n - 32759201. Calculate t(205).
4
Let t(k) = -3990*k + 176260. What is t(44)?
700
Let m(h) = -2*h**3 - 741*h**2 + 5046*h + 1734421. Calculate m(-371).
-4
Let k(w) = 5*w**3 + 17*w**2 - 278*w + 68. Calculate k(-10).
-452
Let y(o) = o**3 + 45*o**2 - 112*o - 371. Determine y(-47).
475
Let j(i) = -2367*i - 25937. Determine j(-11).
100
Let n(t) = 529*t - 13965. What is n(26)?
-211
Let q(c) = 8*c**2 + 977*c - 11760. Determine q(11).
-45
Let q(p) = -33301*p + 332948. Determine q(10).
-62
Let w(v) = 2*v**2 + 1041*v - 10581. What is w(10)?
29
Let q(v) = 1900*v - 81580. Calculate q(43).
120
Let i(w) = -232*w**2 + 2576*w - 2561. What is i(10)?
-1
Let f(r) = -11*r**3 + 5510*r**2 + 524*r - 11530. Determine f(501).
-7
Let h(n) = 2*n**3 - 97*n**2 - 1402*n + 1501. Give h(60).
181
Let t(g) = -g**3 - 52*g**2 + 584*g + 28103. What is t(-53)?
-40
Let a(j) = -224*j**2 + 1871*j + 1280. Calculate a(9).
-25
Let j(m) = 722*m**2 - 18059*m - 114. Calculate j(25).
-339
Let m(k) = k**3 + 4*k**2 + 64*k - 239. Give m(3).
16
Let l(g) = g**2 + 662*g + 109446. Determine l(-310).
326
Let x(f) = -16*f**2 + 618*f + 206. What is x(39)?
-28
Let j(k) = 11*k**2 - 79*k - 25. Give j(9).
155
Let m(d) = 31*d**2 - 3165*d - 586. Determine m(102).
-892
Let c(l) = 597*l - 16761. Give c(29).
552
Let x(f) = f**3 + 17*f**2 + 287*f + 4873. Calculate x(-17).
-6
Let p(h) = h**3 + 651*h**2 - 3292*h + 58. Give p(5).
-2
Let m(x) = 143*x - 5118. Calculate m(31).
-685
Let k(n) = -2*n**2 - 159*n + 1549. Determine k(9).
-44
Let a(o) = 49*o**3 + 592*o**2 + 54*o - 4. Give a(-12).
-76
Let x(g) = g**2 + 11*g + 1615. Give x(-30).
2185
Let v(w) = -14*w**2 + 1052*w + 682. Determine v(76).
-230
Let w(b) = -3*b**2 - 3066*b - 507992. What is w(-814)?
-56
Let f(u) = 93*u**2 - 2605*u - 5. Calculate f(28).
-33
Let t(g) = -g**3 - 22*g**2 - 67*g - 436. Give t(-18).
-526
Let f(z) = 2*z**2 + 713*z + 37930. Calculate f(-291).
-191
Let l(c) = 194668*c + 1752027. What is l(-9)?
15
Let c(a) = -111*a**2 + 3165*a + 1561. Give c(29).
-5
Let v(j) = -4*j**3 + 395*j**2 + 174*j - 7431. Calculate v(99).
-6
Let x(o) = 9322*o + 102542. Determine x(-11).
0
Let j(v) = v**3 - 98*v**2 - 595*v + 23. Determine j(-6).
-151
Let t(i) = 2*i**2 + 448*i + 6670. Give t(-14).
790
Let b(o) = 7*o**2 - 157*o - 7900. Give b(48).
692
Let k(j) = -15688*j - 862834. What is k(-55)?
6
Let v(d) = 3*d**2 + 22*d + 7. Calculate v(-3).
-32
Let q(r) = 3*r**3 - 89*r**2 - 226*r + 100. What is q(32)?
36
Let v(y) = -y**3 + 58*y**2 - 273*y - 53. Give v(53).
-477
Let x(v) = 26*v**3 - 20*v**2 - 11*v + 24. Calculate x(2).
130
Let p(v) = -29*v**2 + 261*v - 840. Calculate p(8).
-608
Let o(y) = -1912549*y - 45901187. Give o(-24).
-11
Let r(n) = -18*n**3 + 827*n**2 - 3624*n - 1028. Determine r(41).
-3
Let t(f) = -3*f**2 + 965*f + 15610. Give t(337).
108
Let g(n) = n**3 - 92*n**2 - 2245*n + 547. Determine g(112).
-13
Let j(u) = -140266*u - 9257547. Calculate j(-66).
9
Let x(o) = 460*o**3 - o**2 - 2*o + 3. Calculate x(1).
460
Let y(n) = 5*n**2 + 794*n + 31957. Determine y(-85).
592
Let z(y) = y**3 + 12*y**2 + 5384*y + 48322. What is z(-9)?
109
Let l(h) = 5*h**2 + 424*h - 8088. Give l(18).
1164
Let g(t) = -3580*t - 31928. Determine g(-9).
292
Let b(y) = -35*y**3 + 8*y**2 + 37*y - 187. Calculate b(3).
-949
Let z(p) = -4420*p**2 - 13155*p - 4. Calculate z(-3).
-319
Let b(s) = 156*s**3 - s**2 + 3*s - 10. What is b(2)?
1240
Let b(z) = 93*z**3 + 112*z**2 - 137*z + 9. Give b(1).
77
Let m(y) = 107*y - 701. What is m(1)?
-594
Let z(t) = t**3 + 38*t**2 - 110*t - 2775. Calculate z(-39).
-6
Let s(i) = 3*i**3 - 207*i**2 + 3179*i - 259. What is s(46)?
-29
Let a(w) = 4516*w - 3753. What is a(1)?
763
Let n(i) = i**2 + 4758*i - 133988. Determine n(28).
20
Let q(h) = 3*h**2 - 209*h - 791. What is q(73)?
-61
Let m(u) = 170*u - 9270. What is m(55)?
80
Let u(o) = -2*o**3 + 110*o**2 - 259*o + 14259. Calculate u(55).
14
Let j(u) = 1244*u + 58850. Determine j(-47).
382
Let z(h) = h**3 - 18*h**2 + 58*h + 17. What is z(13)?
-74
Let m(u) = -u**2 + 494*u + 190869. Determine m(-255).
-126
Let w(n) = -n**3 - 20*n**2 + 479*n + 8765. What is w(-18)?
-505
Let f(r) = -r**3 - 12*r**2 + 26861*r - 150. Give f(158).
8
Let r(x) = -2*x**2 + 3284*x - 26122. What is r(8)?
22
Let c(p) = 229152*p - 82. Give c(0).
-82
Let k(p) = 3*p**2 - 7504*p - 22522. Calculate k(-3).
17
Let h(s) = 14*s + 1588. Give h(-113).
6
Let l(f) = f**3 - 110*f**2 + 1409*f + 8923. Determine l(94).
-7
Let f(s) = 25794*s - 154999. What is f(6)?
-235
Let y(m) = -m**3 + 147*m**2 - 4133*m - 308. Determine y(109).
673
Let k(w) = 27*w**2 - 439*w - 42. Calculate k(16).
-154
Let y(k) = -2*k**3 + 13*k**2 + 81*k + 152. What is y(11)?
-46
Let a(f) = -167*f + 12155. Calculate a(78).
-871
Let o(d) = 23823*d - 36. Determine o(0).
-36
Let v(n) = n**2 - 67565*n + 270234. Give v(4).
-10
Let i(s) = -636*s**2 - 12119*s - 81. Calculate i(-19).
584
Let r(l) = 2981*l - 3008. Calculate r(1).
-27
Let r(d) = -5*d**2 + 56*d + 131. Calculate r(15).
-154
Let b(j) = -15*j**2 + 47*j + 664. What is b(-3)?
388
Let y(k) = 2*k**3 - 491*k**2 + 1698*k - 1005. Determine y(242).
-37
Let y(q) = 51*q**2 + 176*q - 1330. Give y(7).
2401
Let b(x) = -2*x**3 - 28*x**2 + 238*x - 30. Calculate b(8).
-942
Let q(r) = -19*r**2 + 3272*r + 23080. What is q(179)?
-11
Let m(l) = 6*l**3 - 89*l**2 + 5*l + 11. Determine m(0).
11
Let n(k) = -11*k**3 + 519*k**2 - 96*k + 39. Give n(47).
-55
Let s(u) = -223*u - 12371. Determine s(-51).
-998
Let n(v) = -2*v**3 + 52*v**2 - 15*v + 29. Determine n(0).
29
Let l(v) = 166298*v + 665182. What is l(-4)?
-10
Let p(y) = -2*y**3 + 1047*y**2 - 30131*y + 28599. Give p(493).
5
Let j(u) = -12*u**2 - 619*u + 2831. Give j(4).
163
Let t(r) = r**3 - 61*r**2 + 493*r + 60. Give t(50).
-2790
Let a(z) = -1493*z - 7491. Calculate a(-4).
-1519
Let w(d) = -d**3 + 6*d**2 + 77*d - 315. Give w(5).
95
Let l(i) = i**2 - 151*i + 591. Calculate l(143).
-553
Let x(w) = -2*w**2 + 249*w - 6907. Determine x(83).
-18
Let r(z) = -26180*z - 49952. Calculate r(-2).
2408
Let v(h) = 65634*h + 1115857. What is v(-17)?
79
Let b(l) = -2324*l**2 + 7233*l - 780. Determine b(3).
3
Let b(c) = 4*c**3 - 41*c**2 + 46*c - 196. Give b(12).
1364
Let t(h) = -4*h**2 - 34*h + 75. Give t(0).
75
Let s(u) = -u**2 - 36*u + 2686. What is s(31)?
609
Let l(t) = 2*t**2 - 25*t + 825. Cal